{"id":12,"date":"2018-03-21T19:20:17","date_gmt":"2018-03-21T18:20:17","guid":{"rendered":"http:\/\/felekov.sk\/?page_id=12"},"modified":"2023-03-11T08:34:52","modified_gmt":"2023-03-11T07:34:52","slug":"kontakt","status":"publish","type":"page","link":"https:\/\/felekov.sk\/?page_id=12","title":{"rendered":"Kontakt"},"content":{"rendered":"<p><strong>Felekov s.r.o.<\/strong><\/p>\n<p>Adresa:<br \/>\nBrezov\u00e1 3<br \/>\n080 06 Pre\u0161ov<br \/>\nSlovensko 1<\/p>\n<p>Telefonick\u00fd kontakt: +420 601 555 057<br \/>\nEmail: <a href=\"mailto:info@felekov.sk\">info@felekov.sk<\/a>,<\/p>\n<p>Faktura\u010dn\u00e9 \u00fadaje:<br \/>\nI\u010cO: 51 480 883<br \/>\nI\u010c DPH: SK212 071 7203<\/p>\n<p>Z\u00e1pis v OR: Okresn\u00fd s\u00fad Pre\u0161ov, vlo\u017eka 36068\/P<\/p>\n<p>Bankov\u00e9 spojenie: Tatra banka, a.s.<br \/>\nIBAN: SK63 1100 0000 0029 4205 3893<\/p>\n<p>SWIFT: TATRSKBX<\/p>\n","protected":false},"excerpt":{"rendered":"<p>Felekov s.r.o. Adresa: Brezov\u00e1 3 080 06 Pre\u0161ov Slovensko 1 Telefonick\u00fd kontakt: +420 601 555 057 Email: info@felekov.sk, Faktura\u010dn\u00e9 \u00fadaje: I\u010cO: 51 480 883 I\u010c DPH: SK212 071 7203 Z\u00e1pis v OR: Okresn\u00fd s\u00fad Pre\u0161ov, vlo\u017eka 36068\/P Bankov\u00e9 spojenie: Tatra banka, a.s. IBAN: SK63 1100 0000 0029 4205 3893 SWIFT: TATRSKBX<\/p>\n","protected":false},"author":1,"featured_media":0,"parent":0,"menu_order":0,"comment_status":"closed","ping_status":"closed","template":"","meta":{"_monsterinsights_skip_tracking":false,"_monsterinsights_sitenote_active":false,"_monsterinsights_sitenote_note":"","_monsterinsights_sitenote_category":0,"footnotes":""},"class_list":["post-12","page","type-page","status-publish","hentry"],"yoast_head":"<!-- This site is optimized with the Yoast SEO plugin v23.3 - https:\/\/yoast.com\/wordpress\/plugins\/seo\/ -->\n<title>Kontakt - felekov.sk<\/title>\n<meta name=\"robots\" content=\"index, follow, max-snippet:-1, max-image-preview:large, max-video-preview:-1\" \/>\n<link rel=\"canonical\" href=\"https:\/\/felekov.sk\/?page_id=12\" \/>\n<meta property=\"og:locale\" content=\"sk_SK\" \/>\n<meta property=\"og:type\" content=\"article\" \/>\n<meta property=\"og:title\" content=\"Kontakt - felekov.sk\" \/>\n<meta property=\"og:description\" content=\"Felekov s.r.o. Adresa: Brezov\u00e1 3 080 06 Pre\u0161ov Slovensko 1 Telefonick\u00fd kontakt: +420 601 555 057 Email: info@felekov.sk, Faktura\u010dn\u00e9 \u00fadaje: I\u010cO: 51 480 883 I\u010c DPH: SK212 071 7203 Z\u00e1pis v OR: Okresn\u00fd s\u00fad Pre\u0161ov, vlo\u017eka 36068\/P Bankov\u00e9 spojenie: Tatra banka, a.s. IBAN: SK63 1100 0000 0029 4205 3893 SWIFT: TATRSKBX\" \/>\n<meta property=\"og:url\" content=\"https:\/\/felekov.sk\/?page_id=12\" \/>\n<meta property=\"og:site_name\" content=\"felekov.sk\" \/>\n<meta property=\"article:modified_time\" content=\"2023-03-11T07:34:52+00:00\" \/>\n<meta name=\"twitter:card\" content=\"summary_large_image\" \/>\n<meta name=\"twitter:label1\" content=\"Predpokladan\u00fd \u010das \u010d\u00edtania\" \/>\n\t<meta name=\"twitter:data1\" content=\"1 min\u00fata\" \/>\n<script type=\"application\/ld+json\" class=\"yoast-schema-graph\">{\"@context\":\"https:\/\/schema.org\",\"@graph\":[{\"@type\":\"WebPage\",\"@id\":\"https:\/\/felekov.sk\/?page_id=12\",\"url\":\"https:\/\/felekov.sk\/?page_id=12\",\"name\":\"Kontakt - felekov.sk\",\"isPartOf\":{\"@id\":\"https:\/\/felekov.sk\/#website\"},\"datePublished\":\"2018-03-21T18:20:17+00:00\",\"dateModified\":\"2023-03-11T07:34:52+00:00\",\"breadcrumb\":{\"@id\":\"https:\/\/felekov.sk\/?page_id=12#breadcrumb\"},\"inLanguage\":\"sk-SK\",\"potentialAction\":[{\"@type\":\"ReadAction\",\"target\":[\"https:\/\/felekov.sk\/?page_id=12\"]}]},{\"@type\":\"BreadcrumbList\",\"@id\":\"https:\/\/felekov.sk\/?page_id=12#breadcrumb\",\"itemListElement\":[{\"@type\":\"ListItem\",\"position\":1,\"name\":\"Home\",\"item\":\"https:\/\/felekov.sk\/\"},{\"@type\":\"ListItem\",\"position\":2,\"name\":\"Kontakt\"}]},{\"@type\":\"WebSite\",\"@id\":\"https:\/\/felekov.sk\/#website\",\"url\":\"https:\/\/felekov.sk\/\",\"name\":\"felekov.sk\",\"description\":\"\",\"potentialAction\":[{\"@type\":\"SearchAction\",\"target\":{\"@type\":\"EntryPoint\",\"urlTemplate\":\"https:\/\/felekov.sk\/?s={search_term_string}\"},\"query-input\":\"required name=search_term_string\"}],\"inLanguage\":\"sk-SK\"}]}<\/script>\n<!-- \/ Yoast SEO plugin. -->","yoast_head_json":{"title":"Kontakt - felekov.sk","robots":{"index":"index","follow":"follow","max-snippet":"max-snippet:-1","max-image-preview":"max-image-preview:large","max-video-preview":"max-video-preview:-1"},"canonical":"https:\/\/felekov.sk\/?page_id=12","og_locale":"sk_SK","og_type":"article","og_title":"Kontakt - felekov.sk","og_description":"Felekov s.r.o. Adresa: Brezov\u00e1 3 080 06 Pre\u0161ov Slovensko 1 Telefonick\u00fd kontakt: +420 601 555 057 Email: info@felekov.sk, Faktura\u010dn\u00e9 \u00fadaje: I\u010cO: 51 480 883 I\u010c DPH: SK212 071 7203 Z\u00e1pis v OR: Okresn\u00fd s\u00fad Pre\u0161ov, vlo\u017eka 36068\/P Bankov\u00e9 spojenie: Tatra banka, a.s. IBAN: SK63 1100 0000 0029 4205 3893 SWIFT: TATRSKBX","og_url":"https:\/\/felekov.sk\/?page_id=12","og_site_name":"felekov.sk","article_modified_time":"2023-03-11T07:34:52+00:00","twitter_card":"summary_large_image","twitter_misc":{"Predpokladan\u00fd \u010das \u010d\u00edtania":"1 min\u00fata"},"schema":{"@context":"https:\/\/schema.org","@graph":[{"@type":"WebPage","@id":"https:\/\/felekov.sk\/?page_id=12","url":"https:\/\/felekov.sk\/?page_id=12","name":"Kontakt - felekov.sk","isPartOf":{"@id":"https:\/\/felekov.sk\/#website"},"datePublished":"2018-03-21T18:20:17+00:00","dateModified":"2023-03-11T07:34:52+00:00","breadcrumb":{"@id":"https:\/\/felekov.sk\/?page_id=12#breadcrumb"},"inLanguage":"sk-SK","potentialAction":[{"@type":"ReadAction","target":["https:\/\/felekov.sk\/?page_id=12"]}]},{"@type":"BreadcrumbList","@id":"https:\/\/felekov.sk\/?page_id=12#breadcrumb","itemListElement":[{"@type":"ListItem","position":1,"name":"Home","item":"https:\/\/felekov.sk\/"},{"@type":"ListItem","position":2,"name":"Kontakt"}]},{"@type":"WebSite","@id":"https:\/\/felekov.sk\/#website","url":"https:\/\/felekov.sk\/","name":"felekov.sk","description":"","potentialAction":[{"@type":"SearchAction","target":{"@type":"EntryPoint","urlTemplate":"https:\/\/felekov.sk\/?s={search_term_string}"},"query-input":"required name=search_term_string"}],"inLanguage":"sk-SK"}]}},"_links":{"self":[{"href":"https:\/\/felekov.sk\/index.php?rest_route=\/wp\/v2\/pages\/12"}],"collection":[{"href":"https:\/\/felekov.sk\/index.php?rest_route=\/wp\/v2\/pages"}],"about":[{"href":"https:\/\/felekov.sk\/index.php?rest_route=\/wp\/v2\/types\/page"}],"author":[{"embeddable":true,"href":"https:\/\/felekov.sk\/index.php?rest_route=\/wp\/v2\/users\/1"}],"replies":[{"embeddable":true,"href":"https:\/\/felekov.sk\/index.php?rest_route=%2Fwp%2Fv2%2Fcomments&post=12"}],"version-history":[{"count":6,"href":"https:\/\/felekov.sk\/index.php?rest_route=\/wp\/v2\/pages\/12\/revisions"}],"predecessor-version":[{"id":296,"href":"https:\/\/felekov.sk\/index.php?rest_route=\/wp\/v2\/pages\/12\/revisions\/296"}],"wp:attachment":[{"href":"https:\/\/felekov.sk\/index.php?rest_route=%2Fwp%2Fv2%2Fmedia&parent=12"}],"curies":[{"name":"wp","href":"https:\/\/api.w.org\/{rel}","templated":true}]}}